{"id":155,"date":"2025-07-24T22:59:16","date_gmt":"2025-07-24T20:59:16","guid":{"rendered":"https:\/\/testparoisse.guillaumetalbot.com\/?page_id=155"},"modified":"2025-08-06T15:23:58","modified_gmt":"2025-08-06T13:23:58","slug":"bapteme","status":"publish","type":"page","link":"https:\/\/paroisseham.fr\/index.php\/sacrements\/bapteme\/","title":{"rendered":"Bapt\u00eame"},"content":{"rendered":"\n<h2 class=\"wp-block-heading\">Bapt\u00eame : le premier pas<\/h2>\n\n\n\n<p>Le bapt\u00eame est <strong>le premier des trois sacrements de l&rsquo;initiation chr\u00e9tienne<\/strong>. Pour tout bapt\u00eame, la premi\u00e8re \u00e9tape est de manifester son d\u00e9sir \u00e0 un pr\u00eatre ou un chr\u00e9tien de votre connaissance.<\/p>\n\n\n\n<h2 class=\"wp-block-heading\">Bapt\u00eame des tout-petits<\/h2>\n\n\n\n<p>Il est n\u00e9cessaire de s&rsquo;inscrire au moins deux mois \u00e0 l&rsquo;avance.<br>Les r\u00e9unions de pr\u00e9paration ont lieu en principe le premier et le second mardi du mois (le mercredi quand le mardi est un jour f\u00e9ri\u00e9) \u00e0 20h30 au presbyt\u00e8re.<\/p>\n\n\n\n<h2 class=\"wp-block-heading\">Bapt\u00eame des 3\/7 ans<\/h2>\n\n\n\n<p>N&rsquo;\u00e9tant plus des b\u00e9b\u00e9s, les petits entre 3 et 7 ans comprennent d\u00e9j\u00e0 des choses. Ils sont rassur\u00e9s quand ils savent ce qui va se passer. Tout d&rsquo;abord, les parents prennent contact avec le pr\u00eatre afin de fixer une date. Ensuite, les enfants se pr\u00e9parent au rythme de deux s\u00e9ances d&rsquo;environ une heure chacune \u00e0 l&rsquo;aide d&rsquo;un petit livret ludique. Il s&rsquo;agit d&rsquo;expliquer ce qu&rsquo;est le bapt\u00eame et les signes qui le caract\u00e9risent.<\/p>\n\n\n\n<h2 class=\"wp-block-heading\">Bapt\u00eame des 8\/12 ans<\/h2>\n\n\n\n<p>A partir de 7 ans, le bapt\u00eame se pr\u00e9pare et se vit dans les ann\u00e9es de cat\u00e9chisme ou d&rsquo;aum\u00f4nerie.<br>A mesure des d\u00e9couvertes, les enfants sont invit\u00e9s \u00e0 parcourir quatre \u00e9tapes sur un parcours d&rsquo;environ deux ans. Les bapt\u00eames ont lieu en principe \u00e0 P\u00e2ques.<\/p>\n\n\n\n<h2 class=\"wp-block-heading\">Bapt\u00eame des jeunes et des adultes<\/h2>\n\n\n\n<p>A tout \u00e2ge, il est possible de demander le bapt\u00eame.<br>Une \u00e9quipe de pr\u00e9paration se r\u00e9unit autour du futur baptis\u00e9 pour approfondir la connaissance de J\u00e9sus-Christ et d\u00e9couvrir la vie en \u00e9glise.<\/p>\n\n\n\n<h2 class=\"wp-block-heading\">D\u00e9marches \u00e0 suivre<\/h2>\n\n\n\n<ul class=\"wp-block-list\">\n<li>Dans un premier temps, il s&rsquo;agit de prendre connaissance des documents suivants.<\/li>\n\n\n\n<li>Dans un second temps, il s&rsquo;agit de prendre rendez-vous avec le pr\u00eatre.<\/li>\n\n\n\n<li>Vous pouvez compl\u00e9ter votre d\u00e9marche en recherchant l&rsquo;origine du pr\u00e9nom de votre enfant, vous pouvez consulter le site <a href=\"https:\/\/nominis.cef.fr\/\">Nominis<\/a>.<\/li>\n\n\n\n<li>Une vid\u00e9o faite par KTO et intitul\u00e9e la CELEBRATION DU BAPTEME vous est propos\u00e9e <a href=\"https:\/\/www.youtube.com\/watch?v=0QfwkTpMKEg\">ici<\/a>.<\/li>\n<\/ul>\n\n\n\n<div style=\"height:100px\" aria-hidden=\"true\" class=\"wp-block-spacer\"><\/div>\n\n\n\n<blockquote class=\"wp-block-quote has-background is-layout-flow wp-block-quote-is-layout-flow\" style=\"background:linear-gradient(122deg,rgb(238,238,238) 21%,rgb(169,184,195) 93%)\">\n<p><em>Pour enrichir votre lecture<\/em><\/p>\n\n\n\n<ul class=\"wp-block-list\">\n<li><em><a href=\"https:\/\/paroisseham.fr\/index.php\/organisation-de-la-paroisse\/pastorales-sacrements\/equipe-de-preparation-au-bapteme\/\">Equipe de pr\u00e9paration au bapt\u00eame<\/a><\/em><\/li>\n\n\n\n<li><em><em><a href=\"https:\/\/paroisseham.fr\/index.php\/organisation-de-la-paroisse\/pastorales-sacrements\/eveil-a-la-foi\/\">Eveil \u00e0 la foi<\/a><\/em><\/em><\/li>\n\n\n\n<li><em><a href=\"https:\/\/paroisseham.fr\/index.php\/contacts\/\">Contacts<\/a><\/em><\/li>\n<\/ul>\n<\/blockquote>\n","protected":false},"excerpt":{"rendered":"<p>Bapt\u00eame : le premier pas Le bapt\u00eame est le premier des trois sacrements de l&rsquo;initiation chr\u00e9tienne. Pour tout bapt\u00eame, la premi\u00e8re \u00e9tape est de manifester son d\u00e9sir \u00e0 un pr\u00eatre ou un chr\u00e9tien de&#46;&#46;&#46;<\/p>\n","protected":false},"author":1,"featured_media":0,"parent":28,"menu_order":0,"comment_status":"closed","ping_status":"closed","template":"","meta":{"footnotes":""},"class_list":["post-155","page","type-page","status-publish","hentry"],"yoast_head":"<!-- This site is optimized with the Yoast SEO plugin v27.1.1 - https:\/\/yoast.com\/product\/yoast-seo-wordpress\/ -->\n<title>Bapt\u00eame - Paroisse notre dame de l&#039;Assomption de HAM<\/title>\n<meta name=\"robots\" content=\"index, follow, max-snippet:-1, max-image-preview:large, max-video-preview:-1\" \/>\n<link rel=\"canonical\" href=\"https:\/\/paroisseham.fr\/index.php\/sacrements\/bapteme\/\" \/>\n<meta property=\"og:locale\" content=\"fr_FR\" \/>\n<meta property=\"og:type\" content=\"article\" \/>\n<meta property=\"og:title\" content=\"Bapt\u00eame - Paroisse notre dame de l&#039;Assomption de HAM\" \/>\n<meta property=\"og:description\" content=\"Bapt\u00eame : le premier pas Le bapt\u00eame est le premier des trois sacrements de l&rsquo;initiation chr\u00e9tienne. Pour tout bapt\u00eame, la premi\u00e8re \u00e9tape est de manifester son d\u00e9sir \u00e0 un pr\u00eatre ou un chr\u00e9tien de&#046;&#046;&#046;\" \/>\n<meta property=\"og:url\" content=\"https:\/\/paroisseham.fr\/index.php\/sacrements\/bapteme\/\" \/>\n<meta property=\"og:site_name\" content=\"Paroisse notre dame de l&#039;Assomption de HAM\" \/>\n<meta property=\"article:publisher\" content=\"https:\/\/www.facebook.com\/ParoisseNDAssomptionHAM\" \/>\n<meta property=\"article:modified_time\" content=\"2025-08-06T13:23:58+00:00\" \/>\n<meta name=\"twitter:card\" content=\"summary_large_image\" \/>\n<meta name=\"twitter:label1\" content=\"Dur\u00e9e de lecture estim\u00e9e\" \/>\n\t<meta name=\"twitter:data1\" content=\"2 minutes\" \/>\n<script type=\"application\/ld+json\" class=\"yoast-schema-graph\">{\"@context\":\"https:\/\/schema.org\",\"@graph\":[{\"@type\":\"WebPage\",\"@id\":\"https:\/\/paroisseham.fr\/index.php\/sacrements\/bapteme\/\",\"url\":\"https:\/\/paroisseham.fr\/index.php\/sacrements\/bapteme\/\",\"name\":\"Bapt\u00eame - Paroisse notre dame de l&#039;Assomption de HAM\",\"isPartOf\":{\"@id\":\"https:\/\/paroisseham.fr\/#website\"},\"datePublished\":\"2025-07-24T20:59:16+00:00\",\"dateModified\":\"2025-08-06T13:23:58+00:00\",\"breadcrumb\":{\"@id\":\"https:\/\/paroisseham.fr\/index.php\/sacrements\/bapteme\/#breadcrumb\"},\"inLanguage\":\"fr-FR\",\"potentialAction\":[{\"@type\":\"ReadAction\",\"target\":[\"https:\/\/paroisseham.fr\/index.php\/sacrements\/bapteme\/\"]}]},{\"@type\":\"BreadcrumbList\",\"@id\":\"https:\/\/paroisseham.fr\/index.php\/sacrements\/bapteme\/#breadcrumb\",\"itemListElement\":[{\"@type\":\"ListItem\",\"position\":1,\"name\":\"Accueil\",\"item\":\"https:\/\/paroisseham.fr\/\"},{\"@type\":\"ListItem\",\"position\":2,\"name\":\"Sacrements\",\"item\":\"https:\/\/paroisseham.fr\/index.php\/sacrements\/\"},{\"@type\":\"ListItem\",\"position\":3,\"name\":\"Bapt\u00eame\"}]},{\"@type\":\"WebSite\",\"@id\":\"https:\/\/paroisseham.fr\/#website\",\"url\":\"https:\/\/paroisseham.fr\/\",\"name\":\"Notre dame de l'assomption de HAM\",\"description\":\"Paroisse notre dame de l&#039;Assomption de HAM\",\"publisher\":{\"@id\":\"https:\/\/paroisseham.fr\/#organization\"},\"potentialAction\":[{\"@type\":\"SearchAction\",\"target\":{\"@type\":\"EntryPoint\",\"urlTemplate\":\"https:\/\/paroisseham.fr\/?s={search_term_string}\"},\"query-input\":{\"@type\":\"PropertyValueSpecification\",\"valueRequired\":true,\"valueName\":\"search_term_string\"}}],\"inLanguage\":\"fr-FR\"},{\"@type\":\"Organization\",\"@id\":\"https:\/\/paroisseham.fr\/#organization\",\"name\":\"Notre dame de l'assomption de HAM\",\"url\":\"https:\/\/paroisseham.fr\/\",\"logo\":{\"@type\":\"ImageObject\",\"inLanguage\":\"fr-FR\",\"@id\":\"https:\/\/paroisseham.fr\/#\/schema\/logo\/image\/\",\"url\":\"https:\/\/paroisseham.fr\/wp-content\/uploads\/cropped-logo.png\",\"contentUrl\":\"https:\/\/paroisseham.fr\/wp-content\/uploads\/cropped-logo.png\",\"width\":512,\"height\":512,\"caption\":\"Notre dame de l'assomption de HAM\"},\"image\":{\"@id\":\"https:\/\/paroisseham.fr\/#\/schema\/logo\/image\/\"},\"sameAs\":[\"https:\/\/www.facebook.com\/ParoisseNDAssomptionHAM\"]}]}<\/script>\n<!-- \/ Yoast SEO plugin. -->","yoast_head_json":{"title":"Bapt\u00eame - Paroisse notre dame de l&#039;Assomption de HAM","robots":{"index":"index","follow":"follow","max-snippet":"max-snippet:-1","max-image-preview":"max-image-preview:large","max-video-preview":"max-video-preview:-1"},"canonical":"https:\/\/paroisseham.fr\/index.php\/sacrements\/bapteme\/","og_locale":"fr_FR","og_type":"article","og_title":"Bapt\u00eame - Paroisse notre dame de l&#039;Assomption de HAM","og_description":"Bapt\u00eame : le premier pas Le bapt\u00eame est le premier des trois sacrements de l&rsquo;initiation chr\u00e9tienne. Pour tout bapt\u00eame, la premi\u00e8re \u00e9tape est de manifester son d\u00e9sir \u00e0 un pr\u00eatre ou un chr\u00e9tien de&#46;&#46;&#46;","og_url":"https:\/\/paroisseham.fr\/index.php\/sacrements\/bapteme\/","og_site_name":"Paroisse notre dame de l&#039;Assomption de HAM","article_publisher":"https:\/\/www.facebook.com\/ParoisseNDAssomptionHAM","article_modified_time":"2025-08-06T13:23:58+00:00","twitter_card":"summary_large_image","twitter_misc":{"Dur\u00e9e de lecture estim\u00e9e":"2 minutes"},"schema":{"@context":"https:\/\/schema.org","@graph":[{"@type":"WebPage","@id":"https:\/\/paroisseham.fr\/index.php\/sacrements\/bapteme\/","url":"https:\/\/paroisseham.fr\/index.php\/sacrements\/bapteme\/","name":"Bapt\u00eame - Paroisse notre dame de l&#039;Assomption de HAM","isPartOf":{"@id":"https:\/\/paroisseham.fr\/#website"},"datePublished":"2025-07-24T20:59:16+00:00","dateModified":"2025-08-06T13:23:58+00:00","breadcrumb":{"@id":"https:\/\/paroisseham.fr\/index.php\/sacrements\/bapteme\/#breadcrumb"},"inLanguage":"fr-FR","potentialAction":[{"@type":"ReadAction","target":["https:\/\/paroisseham.fr\/index.php\/sacrements\/bapteme\/"]}]},{"@type":"BreadcrumbList","@id":"https:\/\/paroisseham.fr\/index.php\/sacrements\/bapteme\/#breadcrumb","itemListElement":[{"@type":"ListItem","position":1,"name":"Accueil","item":"https:\/\/paroisseham.fr\/"},{"@type":"ListItem","position":2,"name":"Sacrements","item":"https:\/\/paroisseham.fr\/index.php\/sacrements\/"},{"@type":"ListItem","position":3,"name":"Bapt\u00eame"}]},{"@type":"WebSite","@id":"https:\/\/paroisseham.fr\/#website","url":"https:\/\/paroisseham.fr\/","name":"Notre dame de l'assomption de HAM","description":"Paroisse notre dame de l&#039;Assomption de HAM","publisher":{"@id":"https:\/\/paroisseham.fr\/#organization"},"potentialAction":[{"@type":"SearchAction","target":{"@type":"EntryPoint","urlTemplate":"https:\/\/paroisseham.fr\/?s={search_term_string}"},"query-input":{"@type":"PropertyValueSpecification","valueRequired":true,"valueName":"search_term_string"}}],"inLanguage":"fr-FR"},{"@type":"Organization","@id":"https:\/\/paroisseham.fr\/#organization","name":"Notre dame de l'assomption de HAM","url":"https:\/\/paroisseham.fr\/","logo":{"@type":"ImageObject","inLanguage":"fr-FR","@id":"https:\/\/paroisseham.fr\/#\/schema\/logo\/image\/","url":"https:\/\/paroisseham.fr\/wp-content\/uploads\/cropped-logo.png","contentUrl":"https:\/\/paroisseham.fr\/wp-content\/uploads\/cropped-logo.png","width":512,"height":512,"caption":"Notre dame de l'assomption de HAM"},"image":{"@id":"https:\/\/paroisseham.fr\/#\/schema\/logo\/image\/"},"sameAs":["https:\/\/www.facebook.com\/ParoisseNDAssomptionHAM"]}]}},"rttpg_featured_image_url":null,"rttpg_author":{"display_name":"admin5623","author_link":"https:\/\/paroisseham.fr\/index.php\/author\/admin5623\/"},"rttpg_comment":0,"rttpg_category":null,"rttpg_excerpt":"Bapt\u00eame : le premier pas Le bapt\u00eame est le premier des trois sacrements de l&rsquo;initiation chr\u00e9tienne. Pour tout bapt\u00eame, la premi\u00e8re \u00e9tape est de manifester son d\u00e9sir \u00e0 un pr\u00eatre ou un chr\u00e9tien de&#46;&#46;&#46;","_links":{"self":[{"href":"https:\/\/paroisseham.fr\/index.php\/wp-json\/wp\/v2\/pages\/155","targetHints":{"allow":["GET"]}}],"collection":[{"href":"https:\/\/paroisseham.fr\/index.php\/wp-json\/wp\/v2\/pages"}],"about":[{"href":"https:\/\/paroisseham.fr\/index.php\/wp-json\/wp\/v2\/types\/page"}],"author":[{"embeddable":true,"href":"https:\/\/paroisseham.fr\/index.php\/wp-json\/wp\/v2\/users\/1"}],"replies":[{"embeddable":true,"href":"https:\/\/paroisseham.fr\/index.php\/wp-json\/wp\/v2\/comments?post=155"}],"version-history":[{"count":29,"href":"https:\/\/paroisseham.fr\/index.php\/wp-json\/wp\/v2\/pages\/155\/revisions"}],"predecessor-version":[{"id":320,"href":"https:\/\/paroisseham.fr\/index.php\/wp-json\/wp\/v2\/pages\/155\/revisions\/320"}],"up":[{"embeddable":true,"href":"https:\/\/paroisseham.fr\/index.php\/wp-json\/wp\/v2\/pages\/28"}],"wp:attachment":[{"href":"https:\/\/paroisseham.fr\/index.php\/wp-json\/wp\/v2\/media?parent=155"}],"curies":[{"name":"wp","href":"https:\/\/api.w.org\/{rel}","templated":true}]}}